 r(-16) is divided by 10?
6
Let i = 0 - -16. Suppose -5*d = -2*y - 80, -d + 0*y = -y - i. Suppose -2*f + 20 - 2 = 0. What is the remainder when d is divided by f?
7
Suppose 9*g - 5*g - 3864 = -17*g. What is the remainder when g is divided by 88?
8
Let w be 0/((-6)/8*(-52)/39). Suppose 4*x - 191 + 47 = w. What is the remainder when x is divided by 19?
17
Let c be 2*(11 + -1 + -4). Suppose c*k - 315 = 7*k. Calculate the remainder when k is divided by 12/14*(518/21 - 6).
15
Let t(y) = -11*y + 113. Let f be t(10). What is the remainder when 191 is divided by 26/f*1113/106?
9
Let n = 72 + -27. Let h = -114 + 125. Let a(s) = s**2 - 3*s - 78. Calculate the remainder when n is divided by a(h).
5
Suppose 5579 = 5*k + 2*x, 3*k = 49*x - 54*x + 3355. What is the remainder when k is divided by 390?
335
Let v = -152 + 460. Suppose 7*z = -v + 2170. Calculate the remainder when z is divided by 27.
23
Let s = -122480 - -122488. Suppose 995 = -q + 6*q. What is the remainder when q is divided by s?
7
What is the remainder when 6 - ((-2 - 27) + 3) is divided by 10/70 - (-320)/14?
9
Let z be (-441)/(-36) - (-14)/8. Suppose 84 = z*r - 798. Suppose -4*k = -3*t - 94, -4*t = 5 + 3. What is the remainder when r is divided by k?
19
Suppose -g - 10*o = -5*o - 15, -4*g + o + 18 = 0. Let q(x) = -x**2 - 3*x + 6. Let r be q(-5). Calculate the remainder when 1 + (r - -3) + 6 is divided by g.
1
Suppose -252 = -0*o - 3*o. Calculate the remainder when o is divided by (3 - 1) + (-38 - -53).
16
Let k = 46591 + -46565. What is the remainder when 75 + (-4)/(-2) + -2 is divided by k?
23
What is the remainder when 830 is divided by (-15)/(-1) - (-182 - -181)?
14
Suppose 6*x - 141 = 423. Suppose 0 = 3*r + 4*a + 3, 5*a + 9 = 2*a. What is the remainder when x is divided by 7 + r + -2 + 0?
6
Let v = -3096 - -3101. Calculate the remainder when 34 is divided by v.
4
Let h be -182 - -3*((-32)/(-12))/(-2). Let i = h + 194. Calculate the remainder when 12 is divided by i.
4
Let x(o) = -o**3 - 16*o**2 + 12*o - 36. Let h be x(-17). Let d = 5 + h. What is the remainder when d is divided by 29?
25
Let g(o) = 7*o - 51. Let s(r) = r**3 - 4*r**2 - 4*r + 4. Let f be s(5). What is the remainder when ((-81)/6)/((-1)/2) is divided by g(f)?
3
Let l = 5903 + 4919. Calculate the remainder when l is divided by 8.
6
Suppose -2*l + m = -459 - 273, -l + 380 = 3*m. Suppose -l = -5*z - 4*u, -27*z + 295 = -23*z + 3*u. Calculate the remainder when z is divided by 30.
16
Calculate the remainder when 369 is divided by 1/((-1)/(-3))*(-170 - -174).
9
Suppose 0 = 6*p - 9*p + 6. Let m(r) = -r - 11. Let w(a) = 1. Let t(s) = p*m(s) - 6*w(s). Calculate the remainder when t(-16) is divided by 2.
0
Let v = -23 + 24. Suppose 6*x = x - 2*o + 429, -3*x - 4*o + 249 = 0. What is the remainder when x is divided by (8/4 - v)/(2/30)?
12
Let j(t) = t - 1. Let q = -6976 + 7044. What is the remainder when q is divided by j(9)?
4
Let p = 30 + -26. Let r(n) = n**2 - 8*n + 10. Let t be r(7). What is the remainder when (-228)/(-15) + (-4)/60*t is divided by p?
3
Let f be (0 - 1)*1*5. Let v(g) be the second derivative of g**5/20 + g**4/2 - 7*g**3/6 - 3*g**2/2 - 223*g - 2. What is the remainder when v(f) is divided by 12?
9
Suppose -20*w = -5*d - 25*w - 25, 16 = 4*d - 5*w. What is the remainder when ((-22)/(-11))/(d/(-66)) is divided by 27?
24
Let f be 60/(-50)*(1 - 6). What is the remainder when f/18 + (-179)/(-3) is divided by 17?
9
Suppose -4*r = 5*r - 119 - 16. Let p = -199 + 332. Calculate the remainder when p is divided by r.
13
Let a(b) = -40*b - 22. Let r be a(-12). Suppose 0 = -14*h + r + 46. Calculate the remainder when 63 is divided by h.
27
Suppose 18*o - 135 = 765. Let k(u) = -16*u + 32. Calculate the remainder when k(-4) is divided by o.
46
Suppose 4*m = 5*a + 230, -3*a + 0*a + 66 = m. Calculate the remainder when (-649415)/(-3783) - (-2 + (-1)/3) is divided by m.
54
Suppose 5*i = i + 20. Let l(a) = 7*a**3 + i*a - 6*a**3 - 1 + 0*a - 4*a**2 + a. What is the remainder when l(4) is divided by 6?
5
Let z(y) = -y - 96 + 39 + 48. Let q be z(-11). Suppose -2*i - 34 = -3*l, -5*l + q*i = -3*i - 55. Calculate the remainder when 21 is divided by l.
9
Let z(c) be the third derivative of 29*c**4/12 - c**3/2 + 38*c**2. Calculate the remainder when z(2) is divided by 29.
26
Suppose -36*d - 386 + 2384 = 38*d. What is the remainder when 711 is divided by d?
9
Let q(y) = -2*y + 25. Let f be q(9). Let x(a) = -3*a**2 + 38*a + 15. Calculate the remainder when x(f) is divided by 23.
19
Suppose -p - p + 699 = 3*l, 2*p - 6 = 0. Let x = l + -158. Calculate the remainder when x is divided by 26.
21
Suppose -2*r + 130 = 6*m, 0 = -3*r - 1973*m + 1969*m + 280. What is the remainder when r is divided by (-182)/(-6) + 4/6?
23
Let d = -70 - -74. Suppose 5*a + 88 = d*h, -4*a - 18 = 2*h + 68. What is the remainder when a/(-70) - (-402)/14 is divided by 6?
5
Suppose 41*z = 2*r + 40*z - 1720, -4*r - 5*z = -3454. What is the remainder when r is divided by 179?
145
Let m be 6 - ((-2)/(-4) + (-140)/(-40)). Suppose 5*k + 0*k = -2*t + 933, -948 = -2*t - m*k. What is the remainder when t is divided by 10?
9
Suppose -2*a + 6 = -32*s + 28*s, -3*s - 8 = -2*a. What is the remainder when 50 is divided by a?
1
Let d = -4315 - -4518. Calculate the remainder when d is divided by 59.
26
Let q(n) = n**2 + 150*n + 4010. Calculate the remainder when 2573 is divided by q(-116).
65
Let g be (-3)/5*-2*(-10)/4. Let a = -3 - g. Suppose a = 14*c - 9*c - 15. What is the remainder when 26 is divided by c?
2
Suppose 17 = 3*d + 5*m, -3*d + 2*m = -528 + 455. What is the remainder when (-15)/1*2*-1 is divided by d?
11
Suppose 0 = -5*t + p + 552, t = 3*p + 42 + 88. Calculate the remainder when t is divided by 37.
35
Suppose 0 = v - 2*x - 17, -9 = -9*x + 12*x. What is the remainder when 294 is divided by v?
8
Let f be 42/9 + 2/6. Let a = -1737 - -1742. Suppose -50 = -6*q + q + d, -20 = -f*q - a*d. Calculate the remainder when 32 is divided by q.
5
Calculate the remainder when 5469 is divided by (-30)/(120/28) + 178.
168
Let t = 47 - 42. Suppose -x + 9 - t = 0. Suppose 5*w + 108 + 195 = x*j, -j + 78 = -2*w. Calculate the remainder when j is divided by 19.
15
Suppose r - 143 = -o, 4*r = 4*o - 6*o + 292. Suppose 2*t + 2*g - o = -2*g, 2*g = 2*t - 128. What is the remainder when t is divided by 27?
12
Suppose -z - 33740 = -2*l, -362*l + 6*z = -364*l + 33740. What is the remainder when l is divided by 19?
17
Let n be (-2)/(-1) - 10/5. Suppose 5*i - 66 = -t - 0*t, i - t - 12 = n. Suppose -4*p = 4*r - 140, -r = -0*r + 2. What is the remainder when p is divided by i?
11
Let v = -2162 + 2237. Calculate the remainder when 187 is divided by v.
37
Suppose -w + 29 = -4*x, 2*x = -5*w + 5*x + 111. Let b = -145176 + 145179. What is the remainder when w is divided by b?
0
Let c be -9 - 2/(2*1/3). Let s = c + 32. Suppose 0 = -23*w + s*w + 147. What is the remainder when w is divided by 19?
11
Let y(w) be the second derivative of 19*w**4/12 - w**3/6 - 7*w**2/2 + 40*w. Let i be y(-2). Let n = 140 - i. What is the remainder when n is divided by 15?
9
Let u = 2955 - 2931. Calculate the remainder when 3596 is divided by u.
20
Let y = -2028 + 2407. Calculate the remainder when y is divided by 44.
27
Suppose 0 = 647*d - 645*d - 8. Let z = 29 - d. Suppose 0*x + 5*s + 288 = 4*x, 0 = s. What is the remainder when x is divided by z?
22
Let x = 13384 + -11046. Calculate the remainder when x is divided by 22.
6
Suppose 0 = -3*z + 5*f + 22, 0 = 6*f - 8*f + 2. Let v(g) = 3*g - 21. Let w(o) = o**3 - 8*o**2 + 4. What is the remainder when v(z) is divided by w(8)?
2
Let u = 364 + -379. Let i = -2 + -4. Calculate the remainder when 30 is divided by (i + (-114)/(-15))*u/(-2).
6
Suppose 0 = -5*q - 5*d + 130, -d - 4*d + 72 = 3*q. What is the remainder when (44/(-12))/11 + 3552/18 is divided by q?
23
Let g = 286 + -284. Suppose 5*s - g*s = -3*l, -20 = 4*l. Let n(h) = 4*h - 3. Calculate the remainder when n(3) is divided by s.
4
Suppose -11 = -3*f + m + 4*m, -3*m = 3*f - 51. Suppose 603 = -6*x + 9*x + 6*x. Calculate the remainder when x is divided by f.
7
Let o = 6 + -5. Let s be -4 - (-4 + -4) - o. Suppose -z = 4*h - 17, s*z - 73 = -3*h + 2*h. What is the remainder when 47 is divided by z?
22
Let y be 6 + (-16)/4 + 0. Suppose y*c +